65.108.235.243 - - [08/Jul/2026:14:10:50 +0200] "POST /wp-cron.php?doing_wp_cron=1783512650.8453340530395507812500 HTTP/1.1" 200 1 "-" "WordPress/7.0; https://elettroservicegroup.it"
216.73.216.187 - - [08/Jul/2026:14:10:47 +0200] "GET /robots.txt HTTP/2.0" 200 99 "-" "Mozilla/5.0 AppleWebKit/537.36 (KHTML, like Gecko; compatible; ClaudeBot/1.0; +claudebot@anthropic.com)"
65.108.235.243 - - [08/Jul/2026:14:10:51 +0200] "POST /wp-json/complianz/v1/wsc-scan HTTP/1.1" 400 88 "-" "WordPress/7.0; https://elettroservicegroup.it"
77.75.77.36 - - [08/Jul/2026:14:40:58 +0200] "GET /termini-e-condizioni/ HTTP/1.1" 200 19944 "-" "Mozilla/5.0 (compatible; SeznamBot/4.0; +https://o-seznam.cz/napoveda/vyhledavani/en/seznambot-crawler/)"
65.108.235.243 - - [08/Jul/2026:14:41:05 +0200] "POST /wp-cron.php?doing_wp_cron=1783514465.7455639839172363281250 HTTP/1.1" 200 1 "-" "WordPress/7.0; https://elettroservicegroup.it"
77.75.77.36 - - [08/Jul/2026:14:40:58 +0200] "GET /robots.txt HTTP/1.1" 200 126 "-" "Mozilla/5.0 (compatible; SeznamBot/4.0; +https://o-seznam.cz/napoveda/vyhledavani/en/seznambot-crawler/)"
65.108.235.243 - - [08/Jul/2026:14:49:34 +0200] "POST /wp-cron.php?doing_wp_cron=1783514974.1597828865051269531250 HTTP/1.1" 200 1 "-" "WordPress/7.0; https://elettroservicegroup.it"
52.167.144.235 - - [08/Jul/2026:14:49:26 +0200] "GET /sitemap.rss HTTP/2.0" 200 722 "-" "Mozilla/5.0 AppleWebKit/537.36 (KHTML, like Gecko; compatible; bingbot/2.0; +http://www.bing.com/bingbot.htm) Chrome/116.0.1938.76 Safari/537.36"
162.120.188.137 - - [08/Jul/2026:15:01:50 +0200] "GET / HTTP/2.0" 200 21313 "https://www.google.com/" "Mozilla/5.0 (Windows NT 10.0; Win64; x64) AppleWebKit/537.36 (KHTML, like Gecko) Chrome/150.0.0.0 Safari/537.36"
65.108.235.243 - - [08/Jul/2026:15:01:57 +0200] "POST /wp-cron.php?doing_wp_cron=1783515717.3462009429931640625000 HTTP/1.1" 200 1 "-" "WordPress/7.0; https://elettroservicegroup.it"
142.250.32.41 - - [08/Jul/2026:15:01:50 +0200] "GET /.well-known/traffic-advice HTTP/1.1" 404 17617 "-" "Chrome Privacy Preserving Prefetch Proxy"
65.108.235.243 - - [08/Jul/2026:15:03:24 +0200] "POST /wp-cron.php?doing_wp_cron=1783515804.9782810211181640625000 HTTP/1.1" 200 1 "-" "WordPress/7.0; https://elettroservicegroup.it"
52.167.144.233 - - [08/Jul/2026:15:03:23 +0200] "GET /page-sitemap.xml HTTP/2.0" 200 657 "-" "Mozilla/5.0 AppleWebKit/537.36 (KHTML, like Gecko; compatible; bingbot/2.0; +http://www.bing.com/bingbot.htm) Chrome/116.0.1938.76 Safari/537.36"
65.108.235.243 - - [08/Jul/2026:15:14:13 +0200] "POST /wp-cron.php?doing_wp_cron=1783516453.7582230567932128906250 HTTP/1.1" 200 1 "-" "WordPress/7.0; https://elettroservicegroup.it"
198.235.24.165 - - [08/Jul/2026:15:14:11 +0200] "GET / HTTP/1.1" 301 - "-" "Hello from Palo Alto Networks, find out more about our scans in https://docs-cortex.paloaltonetworks.com/r/1/Cortex-Xpanse/Scanning-activity"
198.235.24.165 - - [08/Jul/2026:15:14:14 +0200] "GET / HTTP/1.1" 200 140414 "-" "Hello from Palo Alto Networks, find out more about our scans in https://docs-cortex.paloaltonetworks.com/r/1/Cortex-Xpanse/Scanning-activity"
65.108.235.243 - - [08/Jul/2026:15:14:15 +0200] "POST /wp-json/complianz/v1/wsc-scan HTTP/1.1" 400 88 "-" "WordPress/7.0; https://elettroservicegroup.it"
65.108.235.243 - - [08/Jul/2026:15:16:07 +0200] "POST /wp-cron.php?doing_wp_cron=1783516567.8510599136352539062500 HTTP/1.1" 200 1 "-" "WordPress/7.0; https://elettroservicegroup.it"
195.178.110.159 - - [08/Jul/2026:15:16:01 +0200] "GET /.git/config HTTP/1.1" 404 83689 "-" "Mozilla/5.0 (Ubuntu; Linux x86_64) AppleWebKit/537.36 (KHTML, like Gecko) Chrome/133.0.0.0 Safari/537.36"
43.160.225.169 - - [08/Jul/2026:15:22:41 +0200] "GET / HTTP/1.1" 200 23478 "http://elettroservicegroup.it" "Mozilla/5.0 (iPhone; CPU iPhone OS 13_2_3 like Mac OS X) AppleWebKit/605.1.15 (KHTML, like Gecko) Version/13.0.3 Mobile/15E148 Safari/604.1"
178.95.173.42 - - [08/Jul/2026:15:38:08 +0200] "GET /chi-siamo/ HTTP/1.1" 200 23947 "https://reggio-emilia.elettroservicegroup.it" "Mozilla/5.0 (Windows NT 10.0; Win64; x64) AppleWebKit/537.36 (KHTML, like Gecko) Chrome/129.0.0.0 Safari/537.36 Edg/129.0.0.0"
65.108.235.243 - - [08/Jul/2026:15:38:22 +0200] "POST /wp-cron.php?doing_wp_cron=1783517902.9385869503021240234375 HTTP/1.1" 200 1 "-" "WordPress/7.0; https://elettroservicegroup.it"
52.167.144.180 - - [08/Jul/2026:15:38:16 +0200] "GET /sitemap_index.xml HTTP/2.0" 302 1 "-" "Mozilla/5.0 AppleWebKit/537.36 (KHTML, like Gecko; compatible; bingbot/2.0; +http://www.bing.com/bingbot.htm) Chrome/116.0.1938.76 Safari/537.36"
52.167.144.180 - - [08/Jul/2026:15:38:26 +0200] "GET /sitemap.xml HTTP/2.0" 200 310 "-" "Mozilla/5.0 AppleWebKit/537.36 (KHTML, like Gecko; compatible; bingbot/2.0; +http://www.bing.com/bingbot.htm) Chrome/116.0.1938.76 Safari/537.36"
178.95.173.42 - - [08/Jul/2026:15:38:46 +0200] "GET / HTTP/1.1" 200 23186 "https://reggio-emilia.elettroservicegroup.it" "Mozilla/5.0 (Windows NT 10.0; Win64; x64) AppleWebKit/537.36 (KHTML, like Gecko) Chrome/131.0.0.0 Safari/537.36 Edg/131.0.0.0"
178.95.173.42 - - [08/Jul/2026:15:39:07 +0200] "GET /termini-e-condizioni/ HTTP/1.1" 200 19944 "https://reggio-emilia.elettroservicegroup.it" "Mozilla/5.0 (Windows NT 10.0; Win64; x64; rv:133.0) Gecko/20100101 Firefox/133.0"
178.95.173.42 - - [08/Jul/2026:15:39:11 +0200] "GET /dichiarazione-sulla-privacy-ue/ HTTP/1.1" 200 22188 "https://reggio-emilia.elettroservicegroup.it" "Mozilla/5.0 (Windows NT 10.0; Win64; x64; rv:133.0) Gecko/20100101 Firefox/133.0"
178.95.173.42 - - [08/Jul/2026:15:39:15 +0200] "GET /cookie-policy-ue/ HTTP/1.1" 200 22292 "https://reggio-emilia.elettroservicegroup.it" "Mozilla/5.0 (Windows NT 10.0; Win64; x64) AppleWebKit/537.36 (KHTML, like Gecko) Chrome/130.0.0.0 Safari/537.36"
178.95.173.42 - - [08/Jul/2026:15:39:20 +0200] "GET /imprint/ HTTP/1.1" 200 18900 "https://reggio-emilia.elettroservicegroup.it" "Mozilla/5.0 (Windows NT 10.0; Win64; x64) AppleWebKit/537.36 (KHTML, like Gecko) Chrome/129.0.0.0 Safari/537.36 Edg/129.0.0.0"
65.108.235.243 - - [08/Jul/2026:15:51:23 +0200] "POST /wp-cron.php?doing_wp_cron=1783518683.0458669662475585937500 HTTP/1.1" 200 1 "-" "WordPress/7.0; https://elettroservicegroup.it"
216.73.216.187 - - [08/Jul/2026:15:51:15 +0200] "GET /robots.txt HTTP/2.0" 200 99 "-" "Mozilla/5.0 AppleWebKit/537.36 (KHTML, like Gecko; compatible; ClaudeBot/1.0; +claudebot@anthropic.com)"
65.108.235.243 - - [08/Jul/2026:16:07:59 +0200] "POST /wp-admin/admin-ajax.php?action=wordfence_testAjax HTTP/1.1" 200 16 "-" "WordPress/7.0; https://elettroservicegroup.it"
43.159.152.187 - - [08/Jul/2026:16:08:00 +0200] "GET / HTTP/1.1" 200 23424 "http://www.elettroservicegroup.it" "Mozilla/5.0 (iPhone; CPU iPhone OS 13_2_3 like Mac OS X) AppleWebKit/605.1.15 (KHTML, like Gecko) Version/13.0.3 Mobile/15E148 Safari/604.1"
65.108.235.243 - - [08/Jul/2026:16:08:01 +0200] "GET /wp-admin/admin-ajax.php?action=wordfence_doScan&isFork=0&scanMode=quick&cronKey=611b083695a7f0e0f4da2b07ea7c545c&signature=3f2adb6d12a80ed99d2693e98a52d84416ea368f7c5458cf78eec9567b1fca06 HTTP/1.1" 200 1 "-" "WordPress/7.0; https://elettroservicegroup.it"
20.104.76.210 - - [08/Jul/2026:16:08:44 +0200] "GET /admin.php HTTP/1.1" 200 11770 "-" "Mozilla/5.0 (Windows NT 10.0; Win64; x64) AppleWebKit/537.36 (KHTML, like Gecko) Chrome/120.0.0.0 Safari/537.36"
20.104.76.210 - - [08/Jul/2026:16:08:45 +0200] "GET /about.php HTTP/1.1" 200 11705 "-" "Mozilla/5.0 (Windows NT 10.0; Win64; x64) AppleWebKit/537.36 (KHTML, like Gecko) Chrome/120.0.0.0 Safari/537.36"
20.104.76.210 - - [08/Jul/2026:16:08:45 +0200] "GET /cgi-bin/ HTTP/1.1" 200 11706 "-" "Mozilla/5.0 (Windows NT 10.0; Win64; x64) AppleWebKit/537.36 (KHTML, like Gecko) Chrome/120.0.0.0 Safari/537.36"
20.104.76.210 - - [08/Jul/2026:16:08:45 +0200] "GET /wp-content/themes/ HTTP/1.1" 200 11718 "-" "Mozilla/5.0 (Windows NT 10.0; Win64; x64) AppleWebKit/537.36 (KHTML, like Gecko) Chrome/120.0.0.0 Safari/537.36"
20.104.76.210 - - [08/Jul/2026:16:08:46 +0200] "GET /adminfuns.php HTTP/1.1" 200 11744 "-" "Mozilla/5.0 (Windows NT 10.0; Win64; x64) AppleWebKit/537.36 (KHTML, like Gecko) Chrome/120.0.0.0 Safari/537.36"
20.104.76.210 - - [08/Jul/2026:16:08:46 +0200] "GET /edit.php HTTP/1.1" 200 11739 "-" "Mozilla/5.0 (Windows NT 10.0; Win64; x64) AppleWebKit/537.36 (KHTML, like Gecko) Chrome/120.0.0.0 Safari/537.36"
20.104.76.210 - - [08/Jul/2026:16:08:47 +0200] "GET /.well-known/logs233/index.php HTTP/1.1" 200 11696 "-" "Mozilla/5.0 (Windows NT 10.0; Win64; x64) AppleWebKit/537.36 (KHTML, like Gecko) Chrome/120.0.0.0 Safari/537.36"
20.104.76.210 - - [08/Jul/2026:16:08:47 +0200] "GET /wp-admin/maint/ HTTP/1.1" 200 11682 "-" "Mozilla/5.0 (Windows NT 10.0; Win64; x64) AppleWebKit/537.36 (KHTML, like Gecko) Chrome/120.0.0.0 Safari/537.36"
20.104.76.210 - - [08/Jul/2026:16:08:47 +0200] "GET /wp-admin/ HTTP/1.1" 200 11674 "-" "Mozilla/5.0 (Windows NT 10.0; Win64; x64) AppleWebKit/537.36 (KHTML, like Gecko) Chrome/120.0.0.0 Safari/537.36"
20.104.76.210 - - [08/Jul/2026:16:08:48 +0200] "GET /lite.php HTTP/1.1" 200 11743 "-" "Mozilla/5.0 (Windows NT 10.0; Win64; x64) AppleWebKit/537.36 (KHTML, like Gecko) Chrome/120.0.0.0 Safari/537.36"
20.104.76.210 - - [08/Jul/2026:16:08:48 +0200] "GET /wp-admin/js/ HTTP/1.1" 200 11751 "-" "Mozilla/5.0 (Windows NT 10.0; Win64; x64) AppleWebKit/537.36 (KHTML, like Gecko) Chrome/120.0.0.0 Safari/537.36"
20.104.76.210 - - [08/Jul/2026:16:08:48 +0200] "GET /wp-includes/ HTTP/1.1" 200 11749 "-" "Mozilla/5.0 (Windows NT 10.0; Win64; x64) AppleWebKit/537.36 (KHTML, like Gecko) Chrome/120.0.0.0 Safari/537.36"
20.104.76.210 - - [08/Jul/2026:16:08:49 +0200] "GET /wp-content/uploads/ HTTP/1.1" 200 11801 "-" "Mozilla/5.0 (Windows NT 10.0; Win64; x64) AppleWebKit/537.36 (KHTML, like Gecko) Chrome/120.0.0.0 Safari/537.36"
20.104.76.210 - - [08/Jul/2026:16:08:49 +0200] "GET /wp-admin/js/widgets/ HTTP/1.1" 200 11804 "-" "Mozilla/5.0 (Windows NT 10.0; Win64; x64) AppleWebKit/537.36 (KHTML, like Gecko) Chrome/120.0.0.0 Safari/537.36"
20.104.76.210 - - [08/Jul/2026:16:08:49 +0200] "GET /wp-content/themes/admin.php HTTP/1.1" 200 11809 "-" "Mozilla/5.0 (Windows NT 10.0; Win64; x64) AppleWebKit/537.36 (KHTML, like Gecko) Chrome/120.0.0.0 Safari/537.36"
20.104.76.210 - - [08/Jul/2026:16:08:50 +0200] "GET /wk/index.php HTTP/1.1" 200 11699 "-" "Mozilla/5.0 (Windows NT 10.0; Win64; x64) AppleWebKit/537.36 (KHTML, like Gecko) Chrome/120.0.0.0 Safari/537.36"
20.104.76.210 - - [08/Jul/2026:16:08:50 +0200] "GET /wp-content/plugins/plugin/index.php HTTP/1.1" 200 11726 "-" "Mozilla/5.0 (Windows NT 10.0; Win64; x64) AppleWebKit/537.36 (KHTML, like Gecko) Chrome/120.0.0.0 Safari/537.36"
20.104.76.210 - - [08/Jul/2026:16:08:51 +0200] "GET /wp-content/themes/index.php HTTP/1.1" 200 11776 "-" "Mozilla/5.0 (Windows NT 10.0; Win64; x64) AppleWebKit/537.36 (KHTML, like Gecko) Chrome/120.0.0.0 Safari/537.36"
20.104.76.210 - - [08/Jul/2026:16:08:51 +0200] "GET /wp-content/themes/theme/about.php HTTP/1.1" 200 11784 "-" "Mozilla/5.0 (Windows NT 10.0; Win64; x64) AppleWebKit/537.36 (KHTML, like Gecko) Chrome/120.0.0.0 Safari/537.36"
20.104.76.210 - - [08/Jul/2026:16:08:52 +0200] "GET /file.php HTTP/1.1" 200 11723 "-" "Mozilla/5.0 (Windows NT 10.0; Win64; x64) AppleWebKit/537.36 (KHTML, like Gecko) Chrome/120.0.0.0 Safari/537.36"
20.104.76.210 - - [08/Jul/2026:16:08:53 +0200] "GET /inputs.php HTTP/1.1" 200 11765 "-" "Mozilla/5.0 (Windows NT 10.0; Win64; x64) AppleWebKit/537.36 (KHTML, like Gecko) Chrome/120.0.0.0 Safari/537.36"
20.104.76.210 - - [08/Jul/2026:16:08:53 +0200] "GET /wp-includes/js/crop/ HTTP/1.1" 200 11781 "-" "Mozilla/5.0 (Windows NT 10.0; Win64; x64) AppleWebKit/537.36 (KHTML, like Gecko) Chrome/120.0.0.0 Safari/537.36"
216.73.216.187 - - [08/Jul/2026:16:20:21 +0200] "GET /sitemap.xml HTTP/2.0" 200 310 "-" "Mozilla/5.0 AppleWebKit/537.36 (KHTML, like Gecko; compatible; ClaudeBot/1.0; +claudebot@anthropic.com)"
65.108.235.243 - - [08/Jul/2026:16:20:29 +0200] "POST /wp-cron.php?doing_wp_cron=1783520429.5583178997039794921875 HTTP/1.1" 200 1 "-" "WordPress/7.0; https://elettroservicegroup.it"
216.73.216.187 - - [08/Jul/2026:16:20:21 +0200] "GET /sitemap.rss HTTP/2.0" 200 721 "-" "Mozilla/5.0 AppleWebKit/537.36 (KHTML, like Gecko; compatible; ClaudeBot/1.0; +claudebot@anthropic.com)"
65.108.235.243 - - [08/Jul/2026:16:20:31 +0200] "POST /wp-json/complianz/v1/wsc-scan HTTP/1.1" 400 88 "-" "WordPress/7.0; https://elettroservicegroup.it"
65.108.235.243 - - [08/Jul/2026:16:56:06 +0200] "POST /wp-cron.php?doing_wp_cron=1783522566.0582399368286132812500 HTTP/1.1" 200 1 "-" "WordPress/7.0; https://elettroservicegroup.it"
40.77.167.144 - - [08/Jul/2026:16:56:04 +0200] "GET /page-sitemap.xml HTTP/2.0" 200 657 "-" "Mozilla/5.0 AppleWebKit/537.36 (KHTML, like Gecko; compatible; bingbot/2.0; +http://www.bing.com/bingbot.htm) Chrome/116.0.1938.76 Safari/537.36"
65.108.235.243 - - [08/Jul/2026:16:56:13 +0200] "GET /?wp_scrape_key=a6cc7a1311f0177fe8e9097932cbe97b&wp_scrape_nonce=1783522571 HTTP/1.1" 500 186 "-" "WordPress/7.0; https://elettroservicegroup.it"
65.108.235.243 - - [08/Jul/2026:16:56:19 +0200] "GET /?wp_scrape_key=b10818c5f4463ab95ccea5023d9cca45&wp_scrape_nonce=1783522577 HTTP/1.1" 500 186 "-" "WordPress/7.0; https://elettroservicegroup.it"
65.108.235.243 - - [08/Jul/2026:16:56:25 +0200] "GET /?wp_scrape_key=f9a234a091c09d9ade16b780ca8708ce&wp_scrape_nonce=1783522583 HTTP/1.1" 500 198 "-" "WordPress/7.0; https://elettroservicegroup.it"
65.108.235.243 - - [08/Jul/2026:17:24:50 +0200] "POST /wp-json/complianz/v1/wsc-scan HTTP/1.1" 400 88 "-" "WordPress/7.0; https://elettroservicegroup.it"
65.108.235.243 - - [08/Jul/2026:17:56:44 +0200] "POST /wp-cron.php?doing_wp_cron=1783526204.2535009384155273437500 HTTP/1.1" 200 1 "-" "WordPress/7.0; https://elettroservicegroup.it"
217.154.40.49 - - [08/Jul/2026:17:56:38 +0200] "POST /wp-login.php HTTP/1.1" 302 - "-" "Mozilla/5.0 (Windows NT 10.0; Win64; x64) AppleWebKit/537.43 (KHTML, like Gecko) Chrome/135.0.0.0 Safari/537.36 OPR/120.0.0.0"
217.154.40.49 - - [08/Jul/2026:17:56:44 +0200] "GET /wp-login.php HTTP/1.1" 302 - "-" "Mozilla/5.0 (Windows NT 10.0; Win64; x64) AppleWebKit/537.43 (KHTML, like Gecko) Chrome/135.0.0.0 Safari/537.36 OPR/120.0.0.0"
65.108.235.243 - - [08/Jul/2026:18:08:17 +0200] "POST /wp-cron.php?doing_wp_cron=1783526897.8693490028381347656250 HTTP/1.1" 200 1 "-" "WordPress/7.0; https://elettroservicegroup.it"
216.73.216.187 - - [08/Jul/2026:18:08:15 +0200] "GET /robots.txt HTTP/2.0" 200 99 "-" "Mozilla/5.0 AppleWebKit/537.36 (KHTML, like Gecko; compatible; ClaudeBot/1.0; +claudebot@anthropic.com)"
216.73.216.187 - - [08/Jul/2026:18:08:25 +0200] "GET /sitemap.rss HTTP/2.0" 200 721 "-" "Mozilla/5.0 AppleWebKit/537.36 (KHTML, like Gecko; compatible; ClaudeBot/1.0; +claudebot@anthropic.com)"
65.108.235.243 - - [08/Jul/2026:18:25:24 +0200] "POST /wp-json/complianz/v1/wsc-scan HTTP/1.1" 400 88 "-" "WordPress/7.0; https://elettroservicegroup.it"
65.108.235.243 - - [08/Jul/2026:18:51:47 +0200] "POST /wp-cron.php?doing_wp_cron=1783529507.8473279476165771484375 HTTP/1.1" 200 1 "-" "WordPress/7.0; https://elettroservicegroup.it"
40.77.167.2 - - [08/Jul/2026:18:51:45 +0200] "GET /page-sitemap.xml HTTP/2.0" 200 657 "-" "Mozilla/5.0 AppleWebKit/537.36 (KHTML, like Gecko; compatible; bingbot/2.0; +http://www.bing.com/bingbot.htm) Chrome/116.0.1938.76 Safari/537.36"
47.128.23.192 - - [08/Jul/2026:19:02:28 +0200] "GET /robots.txt HTTP/1.1" 200 11755 "-" "Mozilla/5.0 (Linux; Android 5.0) AppleWebKit/537.36 (KHTML, like Gecko) Mobile Safari/537.36 (compatible; Bytespider; spider-feedback@bytedance.com)"
150.109.230.210 - - [08/Jul/2026:19:03:52 +0200] "GET / HTTP/1.1" 200 23481 "http://elettroservicegroup.it" "Mozilla/5.0 (iPhone; CPU iPhone OS 13_2_3 like Mac OS X) AppleWebKit/605.1.15 (KHTML, like Gecko) Version/13.0.3 Mobile/15E148 Safari/604.1"
194.233.65.249 - - [08/Jul/2026:19:11:35 +0200] "GET / HTTP/1.1" 415 140430 "-" "Mozilla/5.0 (Windows NT 10.0; Win64; x64) AppleWebKit/537.36 Chrome/119.0.0.0 Safari/537.36"
65.108.235.243 - - [08/Jul/2026:19:11:39 +0200] "POST /wp-cron.php?doing_wp_cron=1783530699.1058530807495117187500 HTTP/1.1" 200 1 "-" "WordPress/7.0; https://elettroservicegroup.it"
65.108.235.243 - - [08/Jul/2026:19:11:38 +0200] "POST /?wordfence_syncAttackData=1783530698.6397 HTTP/1.1" 200 1 "-" "WordPress/7.0; https://elettroservicegroup.it"
65.108.235.243 - - [08/Jul/2026:19:11:40 +0200] "POST /wp-cron.php?doing_wp_cron=1783530700.0704019069671630859375 HTTP/1.1" 200 1 "-" "WordPress/7.0; https://elettroservicegroup.it"
194.233.65.249 - - [08/Jul/2026:19:11:38 +0200] "GET /wp-content/plugins/burst-statistics/readme.txt HTTP/1.1" 404 83948 "-" "Mozilla/5.0 (Windows NT 10.0; Win64; x64) Chrome/120.0.0.0 Safari/537.36 OPR/106.0.0.0"
194.233.65.249 - - [08/Jul/2026:19:11:41 +0200] "POST /?rest_route=/burst/v1/mainwp-auth HTTP/1.1" 301 - "-" "Mozilla/5.0 (Windows NT 10.0; Win64; x64) Chrome/120.0.0.0 Safari/537.36 OPR/106.0.0.0"
194.233.65.249 - - [08/Jul/2026:19:11:43 +0200] "GET /?rest_route=%2Fburst%2Fv1%2Fmainwp-auth HTTP/1.1" 415 145737 "-" "Mozilla/5.0 (Windows NT 10.0; Win64; x64) Chrome/120.0.0.0 Safari/537.36 OPR/106.0.0.0"
194.233.65.249 - - [08/Jul/2026:19:11:45 +0200] "GET /wp-json/wp/v2/users HTTP/1.1" 401 108 "-" "Mozilla/5.0 (X11; Linux x86_64) AppleWebKit/537.36 Chrome/120.0.0.0 Safari/537.36"
194.233.65.249 - - [08/Jul/2026:19:11:47 +0200] "GET /?author=1 HTTP/1.1" 415 145737 "-" "Mozilla/5.0 (Macintosh; Intel Mac OS X 10_15_7) AppleWebKit/605.1.15 Version/17.1 Safari/605.1.15"
194.233.65.249 - - [08/Jul/2026:19:11:49 +0200] "GET /?author=2 HTTP/1.1" 415 145737 "-" "Mozilla/5.0 (Windows NT 10.0; Win64; x64; rv:121.0) Gecko/20100101 Firefox/121.0"
194.233.65.249 - - [08/Jul/2026:19:11:50 +0200] "GET /?author=3 HTTP/1.1" 415 145737 "-" "Mozilla/5.0 (Macintosh; Intel Mac OS X 10_15_7) AppleWebKit/537.36 Chrome/120.0.0.0 Safari/537.36"
194.233.65.249 - - [08/Jul/2026:19:11:52 +0200] "GET /?author=4 HTTP/1.1" 415 145737 "-" "Mozilla/5.0 (Windows NT 10.0; Win64; x64) Chrome/120.0.0.0 Safari/537.36 Edg/120.0.0.0"
194.233.65.249 - - [08/Jul/2026:19:11:54 +0200] "GET /?author=5 HTTP/1.1" 415 145737 "-" "Mozilla/5.0 (Linux; Android 10) Chrome/120.0.6099.144 Mobile Safari/537.36"
194.233.65.249 - - [08/Jul/2026:19:11:55 +0200] "GET /wp-json/oembed/1.0/embed?url=https://elettroservicegroup.it/ HTTP/1.1" 400 119 "-" "Mozilla/5.0 (Windows NT 10.0; Win64; x64) Chrome/120.0.0.0 Safari/537.36 Edg/120.0.0.0"
65.108.235.243 - - [08/Jul/2026:19:13:37 +0200] "POST /wp-cron.php?doing_wp_cron=1783530817.7000410556793212890625 HTTP/1.1" 200 1 "-" "WordPress/7.0; https://elettroservicegroup.it"
172.86.119.249 - - [08/Jul/2026:19:13:35 +0200] "GET /.git/config HTTP/1.1" 404 83689 "-" "Mozilla/5.0 (X11; Linux x86_64)"
65.108.235.243 - - [08/Jul/2026:19:21:38 +0200] "POST /wp-cron.php?doing_wp_cron=1783531298.2540609836578369140625 HTTP/1.1" 200 1 "-" "WordPress/7.0; https://elettroservicegroup.it"
192.178.4.102 - - [08/Jul/2026:19:21:31 +0200] "GET /sitemap1.xml HTTP/1.1" 302 1 "-" "Mozilla/5.0 (compatible; Googlebot/2.1; +http://www.google.com/bot.html)"
192.178.4.102 - - [08/Jul/2026:19:21:38 +0200] "GET /sitemap.xml HTTP/1.1" 200 310 "-" "Mozilla/5.0 (compatible; Googlebot/2.1; +http://www.google.com/bot.html)"
65.108.235.243 - - [08/Jul/2026:19:42:31 +0200] "POST /wp-json/complianz/v1/wsc-scan HTTP/1.1" 400 88 "-" "WordPress/7.0; https://elettroservicegroup.it"
34.244.1.6 - - [08/Jul/2026:19:42:32 +0200] "GET / HTTP/1.0" 200 140414 "-" "Mozilla/5.0 (compatible; NetcraftSurveyAgent/1.0; +info@netcraft.com)"
43.133.69.37 - - [08/Jul/2026:19:50:17 +0200] "GET / HTTP/1.1" 200 23427 "http://www.elettroservicegroup.it" "Mozilla/5.0 (iPhone; CPU iPhone OS 13_2_3 like Mac OS X) AppleWebKit/605.1.15 (KHTML, like Gecko) Version/13.0.3 Mobile/15E148 Safari/604.1"
65.108.235.243 - - [08/Jul/2026:19:53:34 +0200] "POST /wp-cron.php?doing_wp_cron=1783533214.8626329898834228515625 HTTP/1.1" 200 1 "-" "WordPress/7.0; https://elettroservicegroup.it"
84.232.149.25 - - [08/Jul/2026:19:53:32 +0200] "GET / HTTP/2.0" 200 21577 "android-app://com.google.android.googlequicksearchbox/" "Mozilla/5.0 (Linux; Android 10; K) AppleWebKit/537.36 (KHTML, like Gecko) Chrome/149.0.0.0 Mobile Safari/537.36"
84.232.149.25 - - [08/Jul/2026:19:53:35 +0200] "GET /wp-content/plugins/header-footer-elementor/inc/widgets-css/frontend.css?ver=2.9.0 HTTP/2.0" 200 8711 "https://elettroservicegroup.it/" "Mozilla/5.0 (Linux; Android 10; K) AppleWebKit/537.36 (KHTML, like Gecko) Chrome/149.0.0.0 Mobile Safari/537.36"
84.232.149.25 - - [08/Jul/2026:19:53:35 +0200] "GET /wp-content/plugins/elementor/assets/lib/animations/styles/zoomIn.min.css?ver=4.1.4 HTTP/2.0" 200 87 "https://elettroservicegroup.it/" "Mozilla/5.0 (Linux; Android 10; K) AppleWebKit/537.36 (KHTML, like Gecko) Chrome/149.0.0.0 Mobile Safari/537.36"
84.232.149.25 - - [08/Jul/2026:19:53:35 +0200] "GET /wp-content/plugins/header-footer-elementor/assets/css/header-footer-elementor.css?ver=2.9.0 HTTP/2.0" 200 260 "https://elettroservicegroup.it/" "Mozilla/5.0 (Linux; Android 10; K) AppleWebKit/537.36 (KHTML, like Gecko) Chrome/149.0.0.0 Mobile Safari/537.36"
84.232.149.25 - - [08/Jul/2026:19:53:35 +0200] "GET /wp-content/uploads/elementor/css/post-14146.css?ver=1783522586 HTTP/2.0" 200 428 "https://elettroservicegroup.it/" "Mozilla/5.0 (Linux; Android 10; K) AppleWebKit/537.36 (KHTML, like Gecko) Chrome/149.0.0.0 Mobile Safari/537.36"
84.232.149.25 - - [08/Jul/2026:19:53:35 +0200] "GET /wp-content/plugins/elementor/assets/css/widget-spacer.min.css?ver=4.1.4 HTTP/2.0" 200 287 "https://elettroservicegroup.it/" "Mozilla/5.0 (Linux; Android 10; K) AppleWebKit/537.36 (KHTML, like Gecko) Chrome/149.0.0.0 Mobile Safari/537.36"
84.232.149.25 - - [08/Jul/2026:19:53:35 +0200] "GET /wp-content/uploads/elementor/css/post-13305.css?ver=1783530234 HTTP/2.0" 200 2452 "https://elettroservicegroup.it/" "Mozilla/5.0 (Linux; Android 10; K) AppleWebKit/537.36 (KHTML, like Gecko) Chrome/149.0.0.0 Mobile Safari/537.36"
84.232.149.25 - - [08/Jul/2026:19:53:35 +0200] "GET /wp-content/plugins/elementor/assets/lib/eicons/css/elementor-icons.min.css?ver=5.50.0 HTTP/2.0" 200 4125 "https://elettroservicegroup.it/" "Mozilla/5.0 (Linux; Android 10; K) AppleWebKit/537.36 (KHTML, like Gecko) Chrome/149.0.0.0 Mobile Safari/537.36"
84.232.149.25 - - [08/Jul/2026:19:53:35 +0200] "GET /wp-content/plugins/elementor/assets/css/widget-heading.min.css?ver=4.1.4 HTTP/2.0" 200 127 "https://elettroservicegroup.it/" "Mozilla/5.0 (Linux; Android 10; K) AppleWebKit/537.36 (KHTML, like Gecko) Chrome/149.0.0.0 Mobile Safari/537.36"
84.232.149.25 - - [08/Jul/2026:19:53:35 +0200] "GET /wp-content/plugins/elementor/assets/lib/animations/styles/bounceIn.min.css?ver=4.1.4 HTTP/2.0" 200 186 "https://elettroservicegroup.it/" "Mozilla/5.0 (Linux; Android 10; K) AppleWebKit/537.36 (KHTML, like Gecko) Chrome/149.0.0.0 Mobile Safari/537.36"
84.232.149.25 - - [08/Jul/2026:19:53:35 +0200] "GET /wp-content/uploads/elementor/css/post-14366.css?ver=1783530234 HTTP/2.0" 200 310 "https://elettroservicegroup.it/" "Mozilla/5.0 (Linux; Android 10; K) AppleWebKit/537.36 (KHTML, like Gecko) Chrome/149.0.0.0 Mobile Safari/537.36"
84.232.149.25 - - [08/Jul/2026:19:53:35 +0200] "GET /wp-content/plugins/elementor/assets/lib/font-awesome/css/v4-shims.min.css?ver=4.1.4 HTTP/2.0" 200 3986 "https://elettroservicegroup.it/" "Mozilla/5.0 (Linux; Android 10; K) AppleWebKit/537.36 (KHTML, like Gecko) Chrome/149.0.0.0 Mobile Safari/537.36"
84.232.149.25 - - [08/Jul/2026:19:53:35 +0200] "GET /wp-content/plugins/elementor/assets/css/frontend.min.css?ver=4.1.4 HTTP/2.0" 200 6618 "https://elettroservicegroup.it/" "Mozilla/5.0 (Linux; Android 10; K) AppleWebKit/537.36 (KHTML, like Gecko) Chrome/149.0.0.0 Mobile Safari/537.36"
84.232.149.25 - - [08/Jul/2026:19:53:35 +0200] "GET /wp-content/plugins/elementor/assets/lib/font-awesome/js/v4-shims.min.js?ver=4.1.4 HTTP/2.0" 200 4043 "https://elettroservicegroup.it/" "Mozilla/5.0 (Linux; Android 10; K) AppleWebKit/537.36 (KHTML, like Gecko) Chrome/149.0.0.0 Mobile Safari/537.36"
84.232.149.25 - - [08/Jul/2026:19:53:35 +0200] "GET /wp-content/plugins/elementor/assets/lib/font-awesome/css/all.min.css?ver=4.1.4 HTTP/2.0" 200 12402 "https://elettroservicegroup.it/" "Mozilla/5.0 (Linux; Android 10; K) AppleWebKit/537.36 (KHTML, like Gecko) Chrome/149.0.0.0 Mobile Safari/537.36"
84.232.149.25 - - [08/Jul/2026:19:53:35 +0200] "GET /wp-json/complianz/v1/banner?lang=it&locale=it_IT&token=ouwyl HTTP/2.0" 200 82 "https://elettroservicegroup.it/" "Mozilla/5.0 (Linux; Android 10; K) AppleWebKit/537.36 (KHTML, like Gecko) Chrome/149.0.0.0 Mobile Safari/537.36"
84.232.149.25 - - [08/Jul/2026:19:53:37 +0200] "POST /wp-json/complianz/v1/track HTTP/2.0" 200 20 "https://elettroservicegroup.it/" "Mozilla/5.0 (Linux; Android 10; K) AppleWebKit/537.36 (KHTML, like Gecko) Chrome/149.0.0.0 Mobile Safari/537.36"
65.108.235.243 - - [08/Jul/2026:20:35:05 +0200] "POST /wp-cron.php?doing_wp_cron=1783535705.7474710941314697265625 HTTP/1.1" 200 1 "-" "WordPress/7.0; https://elettroservicegroup.it"
52.167.144.182 - - [08/Jul/2026:20:34:59 +0200] "GET /sitemap.xml HTTP/2.0" 200 310 "-" "Mozilla/5.0 AppleWebKit/537.36 (KHTML, like Gecko; compatible; bingbot/2.0; +http://www.bing.com/bingbot.htm) Chrome/116.0.1938.76 Safari/537.36"
65.108.235.243 - - [08/Jul/2026:20:38:55 +0200] "POST /wp-cron.php?doing_wp_cron=1783535935.3822109699249267578125 HTTP/1.1" 200 1 "-" "WordPress/7.0; https://elettroservicegroup.it"
216.73.216.187 - - [08/Jul/2026:20:38:54 +0200] "GET /robots.txt HTTP/2.0" 200 99 "-" "Mozilla/5.0 AppleWebKit/537.36 (KHTML, like Gecko; compatible; ClaudeBot/1.0; +claudebot@anthropic.com)"
216.73.216.187 - - [08/Jul/2026:20:38:55 +0200] "GET /sitemap.rss HTTP/2.0" 200 721 "-" "Mozilla/5.0 AppleWebKit/537.36 (KHTML, like Gecko; compatible; ClaudeBot/1.0; +claudebot@anthropic.com)"
65.108.235.243 - - [08/Jul/2026:20:52:46 +0200] "POST /wp-cron.php?doing_wp_cron=1783536766.2771379947662353515625 HTTP/1.1" 200 1 "-" "WordPress/7.0; https://elettroservicegroup.it"
138.246.253.24 - - [08/Jul/2026:20:52:43 +0200] "GET /robots.txt HTTP/1.1" 200 177 "-" "Mozilla/5.0 (Windows NT 10.0; Win64; x64) AppleWebKit/537.36 (KHTML, like Gecko) Chrome/103.0.5060.134 Safari/537.36"
65.108.235.243 - - [08/Jul/2026:20:52:47 +0200] "POST /wp-json/complianz/v1/wsc-scan HTTP/1.1" 400 88 "-" "WordPress/7.0; https://elettroservicegroup.it"
168.0.212.14 - - [08/Jul/2026:21:09:30 +0200] "POST /xmlrpc.php HTTP/1.1" 403 52 "-" "Mozilla/5.0 (Windows NT 10.0; Win64; x64) AppleWebKit/537.36 (KHTML, like Gecko) Chrome/121.0.0.0 Safari/537.36"
168.0.212.14 - - [08/Jul/2026:21:09:31 +0200] "POST /xmlrpc.php HTTP/1.1" 403 52 "-" "Mozilla/5.0 (Windows NT 10.0; Win64; x64) AppleWebKit/537.36 (KHTML, like Gecko) Chrome/121.0.0.0 Safari/537.36"
168.0.212.14 - - [08/Jul/2026:21:09:32 +0200] "POST /xmlrpc.php HTTP/1.1" 403 52 "-" "Mozilla/5.0 (Windows NT 10.0; Win64; x64) AppleWebKit/537.36 (KHTML, like Gecko) Chrome/121.0.0.0 Safari/537.36"
168.0.212.6 - - [08/Jul/2026:21:09:33 +0200] "POST /xmlrpc.php HTTP/1.1" 403 52 "-" "Mozilla/5.0 (Windows NT 10.0; Win64; x64) AppleWebKit/537.36 (KHTML, like Gecko) Chrome/121.0.0.0 Safari/537.36"
168.0.212.6 - - [08/Jul/2026:21:09:34 +0200] "POST /xmlrpc.php HTTP/1.1" 403 52 "-" "Mozilla/5.0 (Windows NT 10.0; Win64; x64) AppleWebKit/537.36 (KHTML, like Gecko) Chrome/121.0.0.0 Safari/537.36"
168.0.212.6 - - [08/Jul/2026:21:09:35 +0200] "POST /xmlrpc.php HTTP/1.1" 403 52 "-" "Mozilla/5.0 (Windows NT 10.0; Win64; x64) AppleWebKit/537.36 (KHTML, like Gecko) Chrome/121.0.0.0 Safari/537.36"
168.0.212.251 - - [08/Jul/2026:21:09:36 +0200] "POST /xmlrpc.php HTTP/1.1" 403 52 "-" "Mozilla/5.0 (Windows NT 10.0; Win64; x64) AppleWebKit/537.36 (KHTML, like Gecko) Chrome/121.0.0.0 Safari/537.36"
168.0.212.251 - - [08/Jul/2026:21:09:37 +0200] "POST /xmlrpc.php HTTP/1.1" 403 52 "-" "Mozilla/5.0 (Windows NT 10.0; Win64; x64) AppleWebKit/537.36 (KHTML, like Gecko) Chrome/121.0.0.0 Safari/537.36"
168.0.212.251 - - [08/Jul/2026:21:09:38 +0200] "POST /xmlrpc.php HTTP/1.1" 403 52 "-" "Mozilla/5.0 (Windows NT 10.0; Win64; x64) AppleWebKit/537.36 (KHTML, like Gecko) Chrome/121.0.0.0 Safari/537.36"
168.0.212.240 - - [08/Jul/2026:21:09:39 +0200] "POST /xmlrpc.php HTTP/1.1" 403 52 "-" "Mozilla/5.0 (Windows NT 10.0; Win64; x64) AppleWebKit/537.36 (KHTML, like Gecko) Chrome/121.0.0.0 Safari/537.36"
168.0.212.240 - - [08/Jul/2026:21:09:40 +0200] "POST /xmlrpc.php HTTP/1.1" 403 52 "-" "Mozilla/5.0 (Windows NT 10.0; Win64; x64) AppleWebKit/537.36 (KHTML, like Gecko) Chrome/121.0.0.0 Safari/537.36"
168.0.212.240 - - [08/Jul/2026:21:09:40 +0200] "POST /xmlrpc.php HTTP/1.1" 403 52 "-" "Mozilla/5.0 (Windows NT 10.0; Win64; x64) AppleWebKit/537.36 (KHTML, like Gecko) Chrome/121.0.0.0 Safari/537.36"
168.0.212.138 - - [08/Jul/2026:21:09:41 +0200] "POST /xmlrpc.php HTTP/1.1" 403 52 "-" "Mozilla/5.0 (Windows NT 10.0; Win64; x64) AppleWebKit/537.36 (KHTML, like Gecko) Chrome/121.0.0.0 Safari/537.36"
168.0.212.138 - - [08/Jul/2026:21:09:42 +0200] "POST /xmlrpc.php HTTP/1.1" 403 52 "-" "Mozilla/5.0 (Windows NT 10.0; Win64; x64) AppleWebKit/537.36 (KHTML, like Gecko) Chrome/121.0.0.0 Safari/537.36"
168.0.212.138 - - [08/Jul/2026:21:09:43 +0200] "POST /xmlrpc.php HTTP/1.1" 403 52 "-" "Mozilla/5.0 (Windows NT 10.0; Win64; x64) AppleWebKit/537.36 (KHTML, like Gecko) Chrome/121.0.0.0 Safari/537.36"
65.108.235.243 - - [08/Jul/2026:21:15:09 +0200] "POST /wp-cron.php?doing_wp_cron=1783538109.3534131050109863281250 HTTP/1.1" 200 1 "-" "WordPress/7.0; https://elettroservicegroup.it"
136.144.19.156 - - [08/Jul/2026:21:15:04 +0200] "GET /wp-login.php HTTP/1.1" 302 - "-" "Mozilla/5.0 (Windows NT 10.0; Win64; rv:143.0) Gecko/20100101 Firefox/143.0"
193.36.224.2 - - [08/Jul/2026:21:15:11 +0200] "GET /wp-admin/ HTTP/1.1" 302 - "-" "Mozilla/5.0 (Windows NT 10.0; Win64; x64) AppleWebKit/537.36 Chrome/129.0.0.0 Safari/537.36"
65.108.235.243 - - [08/Jul/2026:21:31:14 +0200] "POST /wp-cron.php?doing_wp_cron=1783539074.6587378978729248046875 HTTP/1.1" 200 1 "-" "WordPress/7.0; https://elettroservicegroup.it"
179.1.224.33 - - [08/Jul/2026:21:31:11 +0200] "POST /xmlrpc.php HTTP/1.1" 404 83499 "-" "Mozilla/5.0 (Windows NT 6.2; x64) AppleWebKit/537.36 (KHTML, like Gecko) Opera/61.0.0.0 Safari/537.36"
136.109.244.209 - - [08/Jul/2026:21:34:16 +0200] "HEAD / HTTP/2.0" 200 140414 "http://elettroservicegroup.it/" "Mozilla/5.0 (Macintosh; Intel Mac OS X 15_0) AppleWebKit/537.36 (KHTML, like Gecko) Chrome/125.0.6422.141 Safari/537.36"
65.108.235.243 - - [08/Jul/2026:21:56:50 +0200] "POST /wp-json/complianz/v1/wsc-scan HTTP/1.1" 400 88 "-" "WordPress/7.0; https://elettroservicegroup.it"
65.108.235.243 - - [08/Jul/2026:22:01:17 +0200] "POST /wp-cron.php?doing_wp_cron=1783540877.0393080711364746093750 HTTP/1.1" 200 1 "-" "WordPress/7.0; https://elettroservicegroup.it"
216.73.216.187 - - [08/Jul/2026:22:01:08 +0200] "GET /robots.txt HTTP/2.0" 200 99 "-" "Mozilla/5.0 AppleWebKit/537.36 (KHTML, like Gecko; compatible; ClaudeBot/1.0; +claudebot@anthropic.com)"
91.192.10.96 - - [08/Jul/2026:22:08:54 +0200] "GET / HTTP/1.1" 200 12492 "-" "Mozilla/5.0"
91.192.10.96 - - [08/Jul/2026:22:08:54 +0200] "GET / HTTP/1.1" 200 23195 "-" "Mozilla/5.0"
65.108.235.243 - - [08/Jul/2026:22:37:17 +0200] "POST /wp-cron.php?doing_wp_cron=1783543037.1461429595947265625000 HTTP/1.1" 200 1 "-" "WordPress/7.0; https://elettroservicegroup.it"
192.178.4.101 - - [08/Jul/2026:22:37:09 +0200] "GET / HTTP/1.1" 200 21594 "-" "Mozilla/5.0 (Linux; Android 6.0.1; Nexus 5X Build/MMB29P) AppleWebKit/537.36 (KHTML, like Gecko) Chrome/150.0.7871.46 Mobile Safari/537.36 (compatible; Googlebot/2.1; +http://www.google.com/bot.html)"
192.178.4.101 - - [08/Jul/2026:22:37:20 +0200] "GET /wp-content/plugins/elementor/assets/lib/eicons/css/elementor-icons.min.css?ver=5.34.0 HTTP/1.1" 200 4125 "https://elettroservicegroup.it/" "Mozilla/5.0 (Linux; Android 6.0.1; Nexus 5X Build/MMB29P) AppleWebKit/537.36 (KHTML, like Gecko) Chrome/150.0.7871.46 Mobile Safari/537.36 (compatible; Googlebot/2.1; +http://www.google.com/bot.html)"
192.178.4.102 - - [08/Jul/2026:22:37:20 +0200] "GET /wp-content/plugins/elementor/assets/lib/font-awesome/css/v4-shims.min.css?ver=4.1.4 HTTP/1.1" 200 3986 "https://elettroservicegroup.it/" "Mozilla/5.0 (Linux; Android 6.0.1; Nexus 5X Build/MMB29P) AppleWebKit/537.36 (KHTML, like Gecko) Chrome/150.0.7871.46 Mobile Safari/537.36 (compatible; Googlebot/2.1; +http://www.google.com/bot.html)"
192.178.4.101 - - [08/Jul/2026:22:37:20 +0200] "GET /wp-content/plugins/elementor/assets/css/frontend.min.css?ver=4.1.4 HTTP/1.1" 200 6618 "https://elettroservicegroup.it/" "Mozilla/5.0 (Linux; Android 6.0.1; Nexus 5X Build/MMB29P) AppleWebKit/537.36 (KHTML, like Gecko) Chrome/150.0.7871.46 Mobile Safari/537.36 (compatible; Googlebot/2.1; +http://www.google.com/bot.html)"
192.178.4.101 - - [08/Jul/2026:22:37:21 +0200] "GET /wp-content/plugins/header-footer-elementor/inc/widgets-css/frontend.css?ver=2.9.0 HTTP/1.1" 200 8711 "https://elettroservicegroup.it/" "Mozilla/5.0 (Linux; Android 6.0.1; Nexus 5X Build/MMB29P) AppleWebKit/537.36 (KHTML, like Gecko) Chrome/150.0.7871.46 Mobile Safari/537.36 (compatible; Googlebot/2.1; +http://www.google.com/bot.html)"
192.178.4.102 - - [08/Jul/2026:22:37:21 +0200] "GET /wp-content/plugins/all-in-one-seo-pack/dist/Lite/assets/css/table-of-contents/global.e90f6d47.css?ver=4.9.7.2 HTTP/1.1" 200 420 "https://elettroservicegroup.it/" "Mozilla/5.0 (Linux; Android 6.0.1; Nexus 5X Build/MMB29P) AppleWebKit/537.36 (KHTML, like Gecko) Chrome/150.0.7871.46 Mobile Safari/537.36 (compatible; Googlebot/2.1; +http://www.google.com/bot.html)"
192.178.4.102 - - [08/Jul/2026:22:37:21 +0200] "GET /wp-content/plugins/elementor/assets/css/widget-spacer.min.css?ver=4.1.4 HTTP/1.1" 200 287 "https://elettroservicegroup.it/" "Mozilla/5.0 (Linux; Android 6.0.1; Nexus 5X Build/MMB29P) AppleWebKit/537.36 (KHTML, like Gecko) Chrome/150.0.7871.46 Mobile Safari/537.36 (compatible; Googlebot/2.1; +http://www.google.com/bot.html)"
192.178.4.101 - - [08/Jul/2026:22:37:21 +0200] "GET /wp-content/plugins/elementor/assets/css/widget-icon-list.min.css?ver=3.24.3 HTTP/1.1" 200 928 "https://elettroservicegroup.it/" "Mozilla/5.0 (Linux; Android 6.0.1; Nexus 5X Build/MMB29P) AppleWebKit/537.36 (KHTML, like Gecko) Chrome/150.0.7871.46 Mobile Safari/537.36 (compatible; Googlebot/2.1; +http://www.google.com/bot.html)"
192.178.4.101 - - [08/Jul/2026:22:37:21 +0200] "GET /wp-content/plugins/elementor/assets/lib/animations/styles/bounceIn.min.css?ver=4.1.4 HTTP/1.1" 200 186 "https://elettroservicegroup.it/" "Mozilla/5.0 (Linux; Android 6.0.1; Nexus 5X Build/MMB29P) AppleWebKit/537.36 (KHTML, like Gecko) Chrome/150.0.7871.46 Mobile Safari/537.36 (compatible; Googlebot/2.1; +http://www.google.com/bot.html)"
192.178.4.102 - - [08/Jul/2026:22:37:21 +0200] "GET /wp-content/uploads/elementor/css/post-14146.css?ver=1783296000 HTTP/1.1" 200 428 "https://elettroservicegroup.it/" "Mozilla/5.0 (Linux; Android 6.0.1; Nexus 5X Build/MMB29P) AppleWebKit/537.36 (KHTML, like Gecko) Chrome/150.0.7871.46 Mobile Safari/537.36 (compatible; Googlebot/2.1; +http://www.google.com/bot.html)"
192.178.4.102 - - [08/Jul/2026:22:37:21 +0200] "GET /wp-content/plugins/elementor/assets/lib/font-awesome/css/fontawesome.min.css?ver=5.15.3 HTTP/1.1" 200 12179 "https://elettroservicegroup.it/" "Mozilla/5.0 (Linux; Android 6.0.1; Nexus 5X Build/MMB29P) AppleWebKit/537.36 (KHTML, like Gecko) Chrome/150.0.7871.46 Mobile Safari/537.36 (compatible; Googlebot/2.1; +http://www.google.com/bot.html)"
192.178.4.101 - - [08/Jul/2026:22:37:21 +0200] "GET /wp-content/uploads/elementor/css/post-14366.css?ver=1783296000 HTTP/1.1" 200 310 "https://elettroservicegroup.it/" "Mozilla/5.0 (Linux; Android 6.0.1; Nexus 5X Build/MMB29P) AppleWebKit/537.36 (KHTML, like Gecko) Chrome/150.0.7871.46 Mobile Safari/537.36 (compatible; Googlebot/2.1; +http://www.google.com/bot.html)"
192.178.4.101 - - [08/Jul/2026:22:37:21 +0200] "GET /wp-includes/js/jquery/jquery-migrate.min.js?ver=3.4.1 HTTP/1.1" 200 4685 "https://elettroservicegroup.it/" "Mozilla/5.0 (Linux; Android 6.0.1; Nexus 5X Build/MMB29P) AppleWebKit/537.36 (KHTML, like Gecko) Chrome/150.0.7871.46 Mobile Safari/537.36 (compatible; Googlebot/2.1; +http://www.google.com/bot.html)"
192.178.4.101 - - [08/Jul/2026:22:37:21 +0200] "GET /wp-content/uploads/elementor/google-fonts/css/robotoslab.css?ver=1742274091 HTTP/1.1" 200 708 "https://elettroservicegroup.it/" "Mozilla/5.0 (Linux; Android 6.0.1; Nexus 5X Build/MMB29P) AppleWebKit/537.36 (KHTML, like Gecko) Chrome/150.0.7871.46 Mobile Safari/537.36 (compatible; Googlebot/2.1; +http://www.google.com/bot.html)"
192.178.4.101 - - [08/Jul/2026:22:37:21 +0200] "GET /wp-content/plugins/elementor/assets/css/widget-social-icons.min.css?ver=3.24.0 HTTP/1.1" 200 1039 "https://elettroservicegroup.it/" "Mozilla/5.0 (Linux; Android 6.0.1; Nexus 5X Build/MMB29P) AppleWebKit/537.36 (KHTML, like Gecko) Chrome/150.0.7871.46 Mobile Safari/537.36 (compatible; Googlebot/2.1; +http://www.google.com/bot.html)"
192.178.4.102 - - [08/Jul/2026:22:37:22 +0200] "GET /wp-content/uploads/elementor/google-fonts/css/roboto.css?ver=1742274089 HTTP/1.1" 200 1874 "https://elettroservicegroup.it/" "Mozilla/5.0 (Linux; Android 6.0.1; Nexus 5X Build/MMB29P) AppleWebKit/537.36 (KHTML, like Gecko) Chrome/150.0.7871.46 Mobile Safari/537.36 (compatible; Googlebot/2.1; +http://www.google.com/bot.html)"
192.178.4.101 - - [08/Jul/2026:22:37:22 +0200] "GET /wp-content/plugins/elementor/assets/lib/font-awesome/css/brands.css?ver=5.15.3 HTTP/1.1" 200 298 "https://elettroservicegroup.it/" "Mozilla/5.0 (Linux; Android 6.0.1; Nexus 5X Build/MMB29P) AppleWebKit/537.36 (KHTML, like Gecko) Chrome/150.0.7871.46 Mobile Safari/537.36 (compatible; Googlebot/2.1; +http://www.google.com/bot.html)"
192.178.4.101 - - [08/Jul/2026:22:37:22 +0200] "GET /wp-content/plugins/complianz-gdpr-premium/assets/css/cookieblocker.min.css?ver=1783097327 HTTP/1.1" 200 615 "https://elettroservicegroup.it/" "Mozilla/5.0 (Linux; Android 6.0.1; Nexus 5X Build/MMB29P) AppleWebKit/537.36 (KHTML, like Gecko) Chrome/150.0.7871.46 Mobile Safari/537.36 (compatible; Googlebot/2.1; +http://www.google.com/bot.html)"
192.178.4.101 - - [08/Jul/2026:22:37:22 +0200] "GET /wp-content/plugins/elementor/assets/lib/font-awesome/css/all.min.css?ver=4.1.4 HTTP/1.1" 200 12402 "https://elettroservicegroup.it/" "Mozilla/5.0 (Linux; Android 6.0.1; Nexus 5X Build/MMB29P) AppleWebKit/537.36 (KHTML, like Gecko) Chrome/150.0.7871.46 Mobile Safari/537.36 (compatible; Googlebot/2.1; +http://www.google.com/bot.html)"
192.178.4.101 - - [08/Jul/2026:22:37:22 +0200] "GET /wp-content/plugins/elementor/assets/lib/eicons/css/elementor-icons.min.css?ver=5.50.0 HTTP/1.1" 200 4125 "https://elettroservicegroup.it/" "Mozilla/5.0 (Linux; Android 6.0.1; Nexus 5X Build/MMB29P) AppleWebKit/537.36 (KHTML, like Gecko) Chrome/150.0.7871.46 Mobile Safari/537.36 (compatible; Googlebot/2.1; +http://www.google.com/bot.html)"
192.178.4.101 - - [08/Jul/2026:22:37:22 +0200] "GET /wp-content/plugins/elementor/assets/lib/font-awesome/css/regular.min.css?ver=5.15.3 HTTP/1.1" 200 282 "https://elettroservicegroup.it/" "Mozilla/5.0 (Linux; Android 6.0.1; Nexus 5X Build/MMB29P) AppleWebKit/537.36 (KHTML, like Gecko) Chrome/150.0.7871.46 Mobile Safari/537.36 (compatible; Googlebot/2.1; +http://www.google.com/bot.html)"
192.178.4.102 - - [08/Jul/2026:22:37:22 +0200] "GET /wp-content/uploads/elementor/css/post-13305.css?ver=1783296000 HTTP/1.1" 200 2452 "https://elettroservicegroup.it/" "Mozilla/5.0 (Linux; Android 6.0.1; Nexus 5X Build/MMB29P) AppleWebKit/537.36 (KHTML, like Gecko) Chrome/150.0.7871.46 Mobile Safari/537.36 (compatible; Googlebot/2.1; +http://www.google.com/bot.html)"
192.178.4.101 - - [08/Jul/2026:22:37:23 +0200] "GET /wp-content/plugins/elementor/assets/lib/font-awesome/css/solid.min.css?ver=5.15.3 HTTP/1.1" 200 286 "https://elettroservicegroup.it/" "Mozilla/5.0 (Linux; Android 6.0.1; Nexus 5X Build/MMB29P) AppleWebKit/537.36 (KHTML, like Gecko) Chrome/150.0.7871.46 Mobile Safari/537.36 (compatible; Googlebot/2.1; +http://www.google.com/bot.html)"
192.178.4.102 - - [08/Jul/2026:22:37:23 +0200] "GET /wp-content/plugins/elementor/assets/js/webpack.runtime.min.js?ver=4.1.4 HTTP/1.1" 200 2340 "https://elettroservicegroup.it/" "Mozilla/5.0 (Linux; Android 6.0.1; Nexus 5X Build/MMB29P) AppleWebKit/537.36 (KHTML, like Gecko) Chrome/150.0.7871.46 Mobile Safari/537.36 (compatible; Googlebot/2.1; +http://www.google.com/bot.html)"
192.178.4.101 - - [08/Jul/2026:22:37:23 +0200] "GET /wp-content/plugins/header-footer-elementor/assets/css/header-footer-elementor.css?ver=2.9.0 HTTP/1.1" 200 260 "https://elettroservicegroup.it/" "Mozilla/5.0 (Linux; Android 6.0.1; Nexus 5X Build/MMB29P) AppleWebKit/537.36 (KHTML, like Gecko) Chrome/150.0.7871.46 Mobile Safari/537.36 (compatible; Googlebot/2.1; +http://www.google.com/bot.html)"
192.178.4.102 - - [08/Jul/2026:22:37:23 +0200] "GET /wp-content/plugins/gp-premium/menu-plus/functions/css/navigation-branding-flex.min.css?ver=2.5.5 HTTP/1.1" 200 542 "https://elettroservicegroup.it/" "Mozilla/5.0 (Linux; Android 6.0.1; Nexus 5X Build/MMB29P) AppleWebKit/537.36 (KHTML, like Gecko) Chrome/150.0.7871.46 Mobile Safari/537.36 (compatible; Googlebot/2.1; +http://www.google.com/bot.html)"
192.178.4.102 - - [08/Jul/2026:22:37:23 +0200] "GET /wp-content/plugins/elementor/assets/lib/font-awesome/css/solid.css?ver=5.15.3 HTTP/1.1" 200 299 "https://elettroservicegroup.it/" "Mozilla/5.0 (Linux; Android 6.0.1; Nexus 5X Build/MMB29P) AppleWebKit/537.36 (KHTML, like Gecko) Chrome/150.0.7871.46 Mobile Safari/537.36 (compatible; Googlebot/2.1; +http://www.google.com/bot.html)"
192.178.4.101 - - [08/Jul/2026:22:37:23 +0200] "GET /wp-content/themes/generatepress/assets/css/main.min.css?ver=3.6.1 HTTP/1.1" 200 4410 "https://elettroservicegroup.it/" "Mozilla/5.0 (Linux; Android 6.0.1; Nexus 5X Build/MMB29P) AppleWebKit/537.36 (KHTML, like Gecko) Chrome/150.0.7871.46 Mobile Safari/537.36 (compatible; Googlebot/2.1; +http://www.google.com/bot.html)"
192.178.4.101 - - [08/Jul/2026:22:37:23 +0200] "GET /wp-content/plugins/gp-premium/menu-plus/functions/js/sticky.min.js?ver=2.5.5 HTTP/1.1" 200 2670 "https://elettroservicegroup.it/" "Mozilla/5.0 (Linux; Android 6.0.1; Nexus 5X Build/MMB29P) AppleWebKit/537.36 (KHTML, like Gecko) Chrome/150.0.7871.46 Mobile Safari/537.36 (compatible; Googlebot/2.1; +http://www.google.com/bot.html)"
192.178.4.102 - - [08/Jul/2026:22:37:24 +0200] "GET /wp-includes/js/jquery/jquery.min.js?ver=3.7.1 HTTP/1.1" 200 29769 "https://elettroservicegroup.it/" "Mozilla/5.0 (Linux; Android 6.0.1; Nexus 5X Build/MMB29P) AppleWebKit/537.36 (KHTML, like Gecko) Chrome/150.0.7871.46 Mobile Safari/537.36 (compatible; Googlebot/2.1; +http://www.google.com/bot.html)"
192.178.4.101 - - [08/Jul/2026:22:37:24 +0200] "GET /wp-content/plugins/elementor/assets/lib/font-awesome/js/v4-shims.min.js?ver=4.1.4 HTTP/1.1" 200 4043 "https://elettroservicegroup.it/" "Mozilla/5.0 (Linux; Android 6.0.1; Nexus 5X Build/MMB29P) AppleWebKit/537.36 (KHTML, like Gecko) Chrome/150.0.7871.46 Mobile Safari/537.36 (compatible; Googlebot/2.1; +http://www.google.com/bot.html)"
192.178.4.102 - - [08/Jul/2026:22:37:24 +0200] "GET /wp-content/plugins/elementor/assets/css/widget-heading.min.css?ver=4.1.4 HTTP/1.1" 200 127 "https://elettroservicegroup.it/" "Mozilla/5.0 (Linux; Android 6.0.1; Nexus 5X Build/MMB29P) AppleWebKit/537.36 (KHTML, like Gecko) Chrome/150.0.7871.46 Mobile Safari/537.36 (compatible; Googlebot/2.1; +http://www.google.com/bot.html)"
192.178.4.101 - - [08/Jul/2026:22:37:24 +0200] "GET /wp-content/plugins/elementor/assets/lib/font-awesome/css/fontawesome.css?ver=5.15.3 HTTP/1.1" 200 12535 "https://elettroservicegroup.it/" "Mozilla/5.0 (Linux; Android 6.0.1; Nexus 5X Build/MMB29P) AppleWebKit/537.36 (KHTML, like Gecko) Chrome/150.0.7871.46 Mobile Safari/537.36 (compatible; Googlebot/2.1; +http://www.google.com/bot.html)"
192.178.4.101 - - [08/Jul/2026:22:37:24 +0200] "GET /wp-content/plugins/elementor/assets/lib/animations/styles/zoomIn.min.css?ver=4.1.4 HTTP/1.1" 200 87 "https://elettroservicegroup.it/" "Mozilla/5.0 (Linux; Android 6.0.1; Nexus 5X Build/MMB29P) AppleWebKit/537.36 (KHTML, like Gecko) Chrome/150.0.7871.46 Mobile Safari/537.36 (compatible; Googlebot/2.1; +http://www.google.com/bot.html)"
192.178.4.101 - - [08/Jul/2026:22:37:24 +0200] "GET /wp-content/plugins/elementor/assets/js/frontend-modules.min.js?ver=4.1.4 HTTP/1.1" 200 15454 "https://elettroservicegroup.it/" "Mozilla/5.0 (Linux; Android 6.0.1; Nexus 5X Build/MMB29P) AppleWebKit/537.36 (KHTML, like Gecko) Chrome/150.0.7871.46 Mobile Safari/537.36 (compatible; Googlebot/2.1; +http://www.google.com/bot.html)"
192.178.4.101 - - [08/Jul/2026:22:37:25 +0200] "GET /wp-includes/js/jquery/ui/core.min.js?ver=1.13.3 HTTP/1.1" 200 6820 "https://elettroservicegroup.it/" "Mozilla/5.0 (Linux; Android 6.0.1; Nexus 5X Build/MMB29P) AppleWebKit/537.36 (KHTML, like Gecko) Chrome/150.0.7871.46 Mobile Safari/537.36 (compatible; Googlebot/2.1; +http://www.google.com/bot.html)"
192.178.4.101 - - [08/Jul/2026:22:37:25 +0200] "GET /wp-content/plugins/elementor/assets/js/frontend.min.js?ver=4.1.4 HTTP/1.1" 200 10140 "https://elettroservicegroup.it/" "Mozilla/5.0 (Linux; Android 6.0.1; Nexus 5X Build/MMB29P) AppleWebKit/537.36 (KHTML, like Gecko) Chrome/150.0.7871.46 Mobile Safari/537.36 (compatible; Googlebot/2.1; +http://www.google.com/bot.html)"
192.178.4.101 - - [08/Jul/2026:22:37:25 +0200] "GET /wp-content/plugins/complianz-gdpr-premium/cookiebanner/js/complianz.min.js?ver=1783097327 HTTP/1.1" 200 10762 "https://elettroservicegroup.it/" "Mozilla/5.0 (Linux; Android 6.0.1; Nexus 5X Build/MMB29P) AppleWebKit/537.36 (KHTML, like Gecko) Chrome/150.0.7871.46 Mobile Safari/537.36 (compatible; Googlebot/2.1; +http://www.google.com/bot.html)"
192.178.4.101 - - [08/Jul/2026:22:37:25 +0200] "GET /wp-content/plugins/google-analytics-for-wordpress/assets/js/frontend-gtag.min.js?ver=10.2.2 HTTP/1.1" 200 3075 "https://elettroservicegroup.it/" "Mozilla/5.0 (Linux; Android 6.0.1; Nexus 5X Build/MMB29P) AppleWebKit/537.36 (KHTML, like Gecko) Chrome/150.0.7871.46 Mobile Safari/537.36 (compatible; Googlebot/2.1; +http://www.google.com/bot.html)"
192.178.4.101 - - [08/Jul/2026:22:37:25 +0200] "GET /wp-content/themes/generatepress/assets/js/menu.min.js?ver=3.6.1 HTTP/1.1" 200 1688 "https://elettroservicegroup.it/" "Mozilla/5.0 (Linux; Android 6.0.1; Nexus 5X Build/MMB29P) AppleWebKit/537.36 (KHTML, like Gecko) Chrome/150.0.7871.46 Mobile Safari/537.36 (compatible; Googlebot/2.1; +http://www.google.com/bot.html)"
192.178.4.101 - - [08/Jul/2026:22:37:25 +0200] "GET /wp-content/themes/generatepress/assets/js/back-to-top.min.js?ver=3.6.1 HTTP/1.1" 200 336 "https://elettroservicegroup.it/" "Mozilla/5.0 (Linux; Android 6.0.1; Nexus 5X Build/MMB29P) AppleWebKit/537.36 (KHTML, like Gecko) Chrome/150.0.7871.46 Mobile Safari/537.36 (compatible; Googlebot/2.1; +http://www.google.com/bot.html)"
192.178.4.101 - - [08/Jul/2026:22:37:25 +0200] "GET /wp-json/complianz/v1/banner?lang=it&locale=it_IT&token=zfhuz HTTP/1.1" 200 82 "https://elettroservicegroup.it/" "Mozilla/5.0 (Linux; Android 6.0.1; Nexus 5X Build/MMB29P) AppleWebKit/537.36 (KHTML, like Gecko) Chrome/150.0.7871.46 Mobile Safari/537.36 (compatible; Googlebot/2.1; +http://www.google.com/bot.html)"
192.178.4.101 - - [08/Jul/2026:22:37:26 +0200] "GET /wp-content/uploads/complianz/css/banner-1-optin.css?v=45 HTTP/1.1" 200 2893 "https://elettroservicegroup.it/" "Mozilla/5.0 (Linux; Android 6.0.1; Nexus 5X Build/MMB29P) AppleWebKit/537.36 (KHTML, like Gecko) Chrome/150.0.7871.46 Mobile Safari/537.36 (compatible; Googlebot/2.1; +http://www.google.com/bot.html)"
192.178.4.101 - - [08/Jul/2026:22:37:26 +0200] "GET /wp-json/complianz/v1/cookie_data HTTP/1.1" 200 97 "https://elettroservicegroup.it/" "Mozilla/5.0 (Linux; Android 6.0.1; Nexus 5X Build/MMB29P) AppleWebKit/537.36 (KHTML, like Gecko) Chrome/150.0.7871.46 Mobile Safari/537.36 (compatible; Googlebot/2.1; +http://www.google.com/bot.html)"
192.178.4.101 - - [08/Jul/2026:22:37:38 +0200] "GET /wp-content/plugins/elementor/assets/js/section-frontend-handlers.d85ab872da118940910d.bundle.min.js HTTP/1.1" 200 230 "https://elettroservicegroup.it/" "Mozilla/5.0 (Linux; Android 6.0.1; Nexus 5X Build/MMB29P) AppleWebKit/537.36 (KHTML, like Gecko) Chrome/150.0.7871.46 Mobile Safari/537.36 (compatible; Googlebot/2.1; +http://www.google.com/bot.html)"
192.178.4.101 - - [08/Jul/2026:22:37:38 +0200] "GET /wp-content/plugins/elementor/assets/js/shared-frontend-handlers.03caa53373b56d3bab67.bundle.min.js HTTP/1.1" 200 2515 "https://elettroservicegroup.it/" "Mozilla/5.0 (Linux; Android 6.0.1; Nexus 5X Build/MMB29P) AppleWebKit/537.36 (KHTML, like Gecko) Chrome/150.0.7871.46 Mobile Safari/537.36 (compatible; Googlebot/2.1; +http://www.google.com/bot.html)"
192.178.4.101 - - [08/Jul/2026:22:37:38 +0200] "GET /wp-content/plugins/elementor/assets/js/text-editor.45609661e409413f1cef.bundle.min.js HTTP/1.1" 200 592 "https://elettroservicegroup.it/" "Mozilla/5.0 (Linux; Android 6.0.1; Nexus 5X Build/MMB29P) AppleWebKit/537.36 (KHTML, like Gecko) Chrome/150.0.7871.46 Mobile Safari/537.36 (compatible; Googlebot/2.1; +http://www.google.com/bot.html)"
18.201.207.220 - - [08/Jul/2026:22:54:22 +0200] "GET / HTTP/1.0" 200 140414 "-" "Mozilla/5.0 (compatible; NetcraftSurveyAgent/1.0; +info@netcraft.com)"
65.108.235.243 - - [08/Jul/2026:22:59:07 +0200] "POST /wp-cron.php?doing_wp_cron=1783544347.8501119613647460937500 HTTP/1.1" 200 1 "-" "WordPress/7.0; https://elettroservicegroup.it"
65.111.29.2 - - [08/Jul/2026:22:59:02 +0200] "GET /wp-login.php HTTP/2.0" 200 4649 "-" "Mozilla/5.0 (Windows NT 10.0; Win64; x64) AppleWebKit/537.36 (KHTML, like Gecko) Chrome/124.0.0.0 Safari/537.36"
